4323?
-44313
In base 8, what is -1052 + -4?
-1056
In base 16, what is -1 + -d70?
-d71
In base 10, what is 11 + 47?
58
In base 11, what is 932 - 3?
92a
In base 15, what is 443 - 12?
431
In base 9, what is -4 - -1628?
1624
In base 8, what is -4 + 205?
201
In base 9, what is -68 - -4?
-64
In base 3, what is -10 - -12?
2
In base 7, what is -6 + -40?
-46
In base 3, what is 1210 + 1111?
10021
In base 16, what is 5 - 7a?
-75
In base 4, what is -213 - 200?
-1013
In base 16, what is -163 - -4?
-15f
In base 6, what is 221 - -3?
224
In base 12, what is 4 + 1b?
23
In base 8, what is -43 + 5?
-36
In base 3, what is -21220 - -102?
-21111
In base 12, what is -3657 - -5?
-3652
In base 10, what is -56 - 5?
-61
In base 3, what is 12 - -1022?
1111
In base 6, what is 22440 - 3?
22433
In base 10, what is 943 + 15?
958
In base 9, what is 353 - 0?
353
In base 14, what is -91 - 3?
-94
In base 9, what is -628 - 4?
-633
In base 16, what is -ee - 2?
-f0
In base 9, what is 1744 + 5?
1750
In base 2, what is -11 + -100100111110?
-100101000001
In base 3, what is -100211 - -11120?
-12021
In base 11, what is 16 + 5?
20
In base 16, what is 4 - 109?
-105
In base 3, what is -2 + -101?
-110
In base 12, what is 5 + a7?
b0
In base 13, what is -b22 + -2?
-b24
In base 3, what is -11102001 + 2?
-11101222
In base 4, what is 112 + 30?
202
In base 15, what is 77b8 - 4?
77b4
In base 13, what is 0 - 68?
-68
In base 2, what is 101 + 1011100?
1100001
In base 9, what is -448 - -1?
-447
In base 6, what is 40 + 3?
43
In base 6, what is -2 + -2553?
-2555
In base 9, what is 1 - 507?
-506
In base 10, what is -4 - 79?
-83
In base 4, what is 101232 + -2?
101230
In base 14, what is -6a4 + 0?
-6a4
In base 3, what is -12121 + 2?
-12112
In base 14, what is -1a - 2?
-1c
In base 7, what is 0 + 100?
100
In base 7, what is 10 + 14?
24
In base 7, what is -1 + -5?
-6
In base 3, what is 10 + -1101?
-1021
In base 9, what is 1 - -11?
12
In base 3, what is 110 + 1202?
2012
In base 10, what is 84 + -2?
82
In base 8, what is 4 + -677?
-673
In base 13, what is 3 - -164?
167
In base 14, what is b7 - a?
ab
In base 2, what is -10001000100 + 1?
-10001000011
In base 7, what is 1253 - 13?
1240
In base 14, what is -14a9 - 1?
-14aa
In base 14, what is -1107 - -4?
-1103
In base 6, what is -142112 - -3?
-142105
In base 15, what is -432 + 3?
-42e
In base 3, what is 0 + 1001?
1001
In base 9, what is -1352 - -2?
-1350
In base 9, what is -1 - -53?
52
In base 7, what is 13 + -3202?
-3156
In base 12, what is 60 - -2?
62
In base 15, what is -16 + -1eb?
-212
In base 4, what is 3 - -202201?
202210
In base 4, what is -123 - 2033?
-2222
In base 9, what is -2 - 121?
-123
In base 12, what is -4 + 465?
461
In base 13, what is -1 - -471?
470
In base 4, what is -1 - 131?
-132
In base 3, what is 2 + -102220?
-102211
In base 16, what is -2 + -c?
-e
In base 9, what is -1535 + 5?
-1530
In base 8, what is 0 + -14?
-14
In base 16, what is -5 + -f4?
-f9
In base 5, what is -1 + 14040?
14034
In base 4, what is -2 + -1?
-3
In base 3, what is -10 + -1111002?
-1111012
In base 5, what is 4230 + -133?
4042
In base 9, what is 516 - -2?
518
In base 6, what is 1 + 502?
503
In base 3, what is -11 + 200100?
200012
In base 14, what is 1 - 7b7?
-7b6
In base 9, what is -16 + -60?
-76
In base 6, what is -5 - -355?
350
In base 6, what is 5 - -305?
314
In base 5, what is 21 - 4034?
-4013
In base 15, what is 16 + -de?
-c8
In base 4, what is -10 + -1132?
-1202
In base 15, what is 153 - 2?
151
In base 9, what is -232 - 4?
-236
In base 7, what is -220 - 1?
-221
In base 2, what is 101 - -110111?
111100
In base 2, what is -11001010 + 101?
-11000101
In base 2, what is -11 + 111010100?
111010001
In base 6, what is 3 + 12?
15
In base 10, what is 391 + -30?
361
In base 6, what is 3 + 5022?
5025
In base 16, what is -2ec6 + -5?
-2ecb
In base 2, what is -111001000011 - -100?
-111000111111
In base 12, what is -9 - -232?
225
In base 4, what is 102 - 232?
-130
In base 7, what is 0 - 1202?
-1202
In base 9, what is 2 + -2602?
-2600
In base 12, what is -382 + 5?
-379
In base 10, what is -6 + 42?
36
In base 8, what is -4 - 210?
-214
In base 5, what is -22132 - -3?
-22124
In base 4, what is 132 + -3?
123
In base 16, what is -1 + -5e?
-5f
In base 5, what is 412 - 0?
412
In base 6, what is 32 - -1532?
2004
In base 9, what is 55 - 8?
46
In base 2, what is -11110 - 11101?
-111011
In base 8, what is 256 - 3?
253
In base 3, what is -20 + 1020?
1000
In base 14, what is 0 - 27?
-27
In base 16, what is -7 + 2?
-5
In base 16, what is -7b - -2?
-79
In base 10, what is 0 - 218?
-218
In base 11, what is -376 - 3?
-379
In base 8, what is 32 - 760?
-726
In base 13, what is 1 + 1bc?
1c0
In base 8, what is 14 + 1413?
1427
In base 12, what is 2 - -57?
59
In base 10, what is 705 + 9?
714
In base 14, what is -77 + 58?
-1d
In base 7, what is 305 + -240?
35
In base 3, what is -2012121 + 0?
-2012121
In base 11, what is -aa8 + 5?
-aa3
In base 4, what is -2230 - 3?
-2233
In base 6, what is -1444 - 0?
-1444
In base 12, what is -30 - 5?
-35
In base 11, what is 3 - -2122?
2125
In base 7, what is 111 + 4?
115
In base 11, what is -10525 + -2?
-10527
In base 10, what is 410 + 7?
417
In base 4, what is -10 - -11?
1
In base 11, what is -5 + -a0?
-a5
In base 9, what is 70148 - -3?
70152
In base 10, what is 1 - -6?
7
In base 2, what is -11 + 11001011?
11001000
In base 7, what is 3 + 230?
233
In base 10, what is -6223 + 0?
-6223
In base 12, what is -3 + 161?
15a
In base 10, what is -9 + -113?
-122
In base 12, what is -5b9 + 1?
-5b8
In base 2, what is 1100010 + 1110101?
11010111
In base 13, what is -cb1 - 8?
-cb9
In base 4, what is 22 + 101?
123
In base 4, what is -10 + 11123?
11113
In base 2, what is -1100 + 111?
-101
In base 16, what is 14cc + -5?
14c7
In base 3, what is -12 - -10122?
10110
In base 5, what is 2 - -41?
43
In base 7, what is 2 - 126?
-124
In base 13, what is -15 - -34?
1c
In base 13, what is -147 + -4?
-14b
In base 9, what is -25 + 11?
-14
In base 12, what is -4 + -298?
-2a0
In base 8, what is 13156 - -1?
13157
In base 14, what is -205 - -2?
-203
In base 15, what is 5 - -11d?
123
In base 2, what is 111 - -11100?
100011
In base 7, what is -330 + 4?
-323
In base 13, what is 3 - 10b?
-108
In base 15, what is -3 + 396?
393
In base 5, what is -143 - 2?
-200
In base 14, what is 261 - -1?
262
In base 9, what is 4 + -1607?
-1603
In base 13, what is -3a + -2?
-3c
In base 2, what is 1001011 + -10111111?
-1110100
In base 5, what is 3 - 221?
-213
In base 9, what is -4 - 55?
-60
In base 14, what is b4 + -28?
8a
In base 12, what is 2223 - 3?
2220
In base 14, what is 227 - -2?
229
In base 13, what is 5b0b - 3?
5b08
In base 11, what is 525 + 2?
527
In base 10, what is 2 + -153?
-151
In base 15, what is 16 + 22?
38
In base 11, what is 7 - 26?
-1a
In base 3, what is -1 + 2021?
2020
In base 5, what is 0 + -20402?
-20402
In base 14, what is 27 - 42?
-19
In base 11, what is -29 + 4?
-25
In base 4, what is -22022 + 0?
-22022
In base 9, what is 153 - -4?
157
In base 2, what is 11 + 101001110?
101010001
In base 4, what is -1020 + -300?
-1320
In base 4, what is -1121321 - -1?
-1121320
In base 12, what is -4 + 42?
3a
In base 13, what is 2 - -21?
23
In base 9, what is -2 - -266?
264
In base 3, what is -1 - 2202?
-2210
In base 8, what is -2 - 2606?
-2610
In base 15, what is -4e - -100?
a1
In base 8, what is 4 + 1301?
1305
In base 5, what is 2 + 34002?
34004
In base 14, what is 5 + 150?
155
In base 11, what is -aa4 + 2?
-aa2
In base 9, what is -6864 + 4?
-6860
In base 15, what is 15 - -3?
18
In base 3, what is 1012 + 220?
2002
In base 5, what is -141 + 104?
-32
In base 14, what is 4 + -5c?
-58
In base 15, what is c4 - 4a?
79
In base 2, what is -10101000 - -1?
-10100111
In base 15, what is 1c + -20?
-3
In base 10, what is 307 + -2?
305
In base 11, what is 0 + -177?
-177
In base 13, what is -1a + 19?
-1
In base 2, what is 11100 + -110010?
-10110
In base 4, what is 2301 - -1?
2302
In base 9, what is -3 - 116?
-120
In base 10, what is -17 + -166?
-183
In base 4, what is 0 + -300202?
-300202
In base 16, what is -2 - -216?
214
In base 14, what is 2 - 523?
-521
In base 11, what is -5 + -5a9?
-603
In base 8, what is -4 - -217?
213
In base 6, what is 0 + 144?
144
In base 11, what is -250 - -2?
-249
In base 14, what is -5 + -5?
-a
In base 